637 prime?
False
Is 2329 prime?
False
Is 380731 a composite number?
True
Is 1597 prime?
True
Is 24481 a composite number?
False
Is 20327 a composite number?
False
Is 9271 composite?
True
Is 35201 composite?
False
Is 4647 composite?
True
Is 1847 composite?
False
Is 41703 a prime number?
False
Is 34031 a prime number?
True
Is 28321 a prime number?
False
Is 152593 a prime number?
False
Is 325589 composite?
True
Is 64489 a composite number?
False
Is 188506 a composite number?
True
Is 4709 prime?
False
Is 25127 a composite number?
False
Is 11721 prime?
False
Is 3643 a composite number?
False
Is 28099 a prime number?
True
Is 77137 a composite number?
False
Is 2173 a prime number?
False
Is 15397 a composite number?
True
Is 44683 prime?
True
Is 8039 composite?
False
Is 128377 prime?
True
Is 5737 prime?
True
Is 254069 a prime number?
False
Is 378802 a prime number?
False
Is 992941 a prime number?
True
Is 456577 prime?
False
Is 340573 a composite number?
False
Is 40669 prime?
False
Is 4006 a composite number?
True
Is 9143 a prime number?
False
Is 32311 a prime number?
False
Is 17517 a composite number?
True
Is 2071 composite?
True
Is 3821 a prime number?
True
Is 1931 a prime number?
True
Is 419861 prime?
False
Is 807 a composite number?
True
Is 2149529 a prime number?
False
Is 77863 composite?
False
Is 115301 prime?
True
Is 1154759 a composite number?
True
Is 10189 a composite number?
True
Is 29789 composite?
False
Is 69365 a prime number?
False
Is 701 a prime number?
True
Is 14961 a prime number?
False
Is 2048663 prime?
True
Is 1213907 composite?
False
Is 31301 prime?
False
Is 484439 a composite number?
False
Is 98621 composite?
False
Is 84603 prime?
False
Is 3119 a composite number?
False
Is 67835 prime?
False
Is 21121 a composite number?
False
Is 87083 prime?
True
Is 7369 prime?
True
Is 176123 composite?
False
Is 3659 a composite number?
False
Is 23099 composite?
False
Is 13042 composite?
True
Is 20419 prime?
False
Is 473 prime?
False
Is 8501 a prime number?
True
Is 6117 prime?
False
Is 1626005 composite?
True
Is 345491 a composite number?
True
Is 15053 a prime number?
True
Is 142663 composite?
True
Is 4783 a prime number?
True
Is 11467 prime?
True
Is 4285 a prime number?
False
Is 55457 a composite number?
False
Is 39869 composite?
False
Is 33227 prime?
False
Is 56249 a composite number?
False
Is 13323 a composite number?
True
Is 1096853 a composite number?
False
Is 319489 composite?
False
Is 1416739 prime?
True
Is 375407 a prime number?
True
Is 76267 composite?
True
Is 681673 a composite number?
False
Is 4481 a composite number?
False
Is 12661 a prime number?
False
Is 8419 a composite number?
False
Is 7367 a prime number?
False
Is 152777 prime?
True
Is 444497 a composite number?
True
Is 63229 prime?
False
Is 119 a composite number?
True
Is 270619 prime?
True
Is 356657 prime?
False
Is 167249 composite?
False
Is 57829 prime?
True
Is 8657 prime?
False
Is 11777 a prime number?
True
Is 4285247 prime?
True
Is 913591 composite?
True
Is 15814 prime?
False
Is 26099 composite?
False
Is 91853 prime?
False
Is 19181 a prime number?
True
Is 54211 a composite number?
True
Is 2720347 a composite number?
True
Is 25019 a prime number?
False
Is 89779 prime?
True
Is 43174 a composite number?
True
Is 26899 a composite number?
True
Is 4054 a composite number?
True
Is 142739 composite?
True
Is 123991 prime?
False
Is 194789 composite?
True
Is 147977 prime?
True
Is 3854545 prime?
False
Is 1238817 a composite number?
True
Is 12661 a prime number?
False
Is 2671 a composite number?
False
Is 3716589 a composite number?
True
Is 23341 a prime number?
False
Is 12381 composite?
True
Is 249877 prime?
False
Is 22121 prime?
False
Is 6385 a composite number?
True
Is 7133 composite?
True
Is 6623 a composite number?
True
Is 5961 prime?
False
Is 945833 prime?
False
Is 12287 prime?
False
Is 1753 prime?
True
Is 571517 a composite number?
True
Is 54647 a prime number?
True
Is 17257 a composite number?
False
Is 4463239 a composite number?
True
Is 123227 a prime number?
False
Is 1384363 a prime number?
False
Is 57881 a composite number?
False
Is 321569 a prime number?
True
Is 231733 a prime number?
False
Is 262617 prime?
False
Is 5671 a prime number?
False
Is 110809 composite?
True
Is 163 a prime number?
True
Is 768949 prime?
False
Is 365917 composite?
True
Is 3407 a prime number?
True
Is 985399 a prime number?
True
Is 907 a composite number?
False
Is 1635274 prime?
False
Is 467 prime?
True
Is 66617 prime?
True
Is 634093 a composite number?
True
Is 247861 a composite number?
True
Is 7603 prime?
True
Is 37243 composite?
False
Is 484465 composite?
True
Is 11723 a prime number?
False
Is 165661 prime?
False
Is 22307 a prime number?
True
Is 144407 composite?
False
Is 3883 prime?
False
Is 438397 a composite number?
True
Is 48973 a prime number?
True
Is 1596107 prime?
True
Is 1583 composite?
False
Is 1137 composite?
True
Is 95345 prime?
False
Is 2767 a composite number?
False
Is 28929 prime?
False
Is 60317 prime?
True
Is 20507 prime?
True
Is 262093 prime?
False
Is 13739 prime?
False
Is 866707 composite?
False
Is 192091 a prime number?
True
Is 150343 a prime number?
True
Is 58385 a prime number?
False
Is 129803 composite?
False
Is 98849 composite?
False
Is 22331 composite?
True
Is 585547 a composite number?
False
Is 163517 composite?
False
Is 18079 a prime number?
False
Is 3957 prime?
False
Is 42095 prime?
False
Is 7393 a composite number?
False
Is 285609 a composite number?
True
Is 324781 a prime number?
True
Is 15901 prime?
True
Is 10063 prime?
False
Is 33563 a composite number?
False
Is 11567 a prime number?
False
Is 301813 a prime number?
True
Is 39079 prime?
True
Is 1207897 prime?
False
Is 314383 a composite number?
True
Is 3221 prime?
True
Is 18119 prime?
True
Is 201098 a composite number?
True
Is 10531 a composite number?
False
Is 132911 composite?
False
Is 3957 composite?
True
Is 556159 prime?
True
Is 2321 prime?
False
Is 2657 a prime number?
True
Is 15557 composite?
True
Is 50213 prime?
False
Is 20173 prime?
True
Is 294551 a prime number?
True
Is 115 a composite number?
True
Is 3158 composite?
True
Is 401173 composite?
False
Is 643677 composite?
True
Is 438703 composite?
True
Is 27121 composite?
True
Is 440827 a prime number?
False
Is 49366 a prime number?
False
Is 2903 a composite number?
False
Is 3641 a composite number?
True
Is 28277 composite?
False
Is 187 a prime number?
False
Is 163 a prime number?
True
Is 57119 a composite number?
False
Is 13963 prime?
True
Is 1280671 composite?
True
Is 23101 prime?
False
Is 20681 a composite number?
False
Is 3761 prime?
True
Is 692821 a composite number?
False
Is 81407 composite?
True
Is 1693529 a composite number?
False
Is 141761 prime?
True
Is 37427 a prime number?
False
Is 8263 composite?
False
Is 116867 a prime number?
True
Is 116953 prime?
True
Is 130861 prime?
False
Is 155083 a composite number?
False
Is 487507 a composite number?
False
Is 25409 a prime number?
True
Is 27427 composite?
False
Is 363211 a prime number?
True
Is 3239 prime?
False
Is 467 a composite number?
False
Is 18659 a prime number?
False
Is 44059 prime?
True
Is 226813 a composite number?
False
Is 497 prime?
False
Is 6469 a composite number?
False
Is 10529 composite?
False
Is 3785 a prime number?
False
Is 1101 prime?
False
Is 154561 composite?
True
Is 8857 composite?
True
Is 1848403 a composite number?
True
Is 65477 prime?
False
Is 2083799 a composite number?
False
Is 379003 a composite number?
True
Is 55231 a composite number?
True
Is 499391 prime?
True
Is 467353 prime?
True
Is 211811 a prime number?
True
Is 26443 a composite number?
True
Is 1522 composite?
True
Is 36323 prime?
False
Is 5087 a composite number?
False
Is 314257 composite?
False
Is 30269 composite?
False
Is 7411 a composite number?
False
Is 79966 a prime number?
False
Is 92987 prime?
True
Is 2328163 a composite number?
True
Is 2965 composite?
True
Is 9791 a composite number?
False
Is 17026 a composite number?
True
Is 887 a composite number?
False
Is 2051537 a prime number?
True
Is 104227 composite?
True
Is 5269 prime?
False
Is 30211 prime?
True
Is 1235363 a prime number?
True
Is 62597 a composite number?
False
Is 46047 a composite number?
True
Is 101589 a composite number?
True
Is 297679 prime?
False
Is 1195